{"id":8651,"date":"2025-08-13T13:19:08","date_gmt":"2025-08-13T18:19:08","guid":{"rendered":"https:\/\/derechosinfronteras.pe\/?page_id=8651"},"modified":"2025-08-15T16:00:16","modified_gmt":"2025-08-15T21:00:16","slug":"pulso-regional","status":"publish","type":"page","link":"https:\/\/derechosinfronteras.pe\/ingles\/pulso-regional\/","title":{"rendered":"Pulso Regional"},"content":{"rendered":"<p class=\"has-medium-font-size\">Revista que analiza la coyuntura social y ambiental del sur andino, con voces y perspectivas desde las comunidades.<\/p>\n\n\n\n<div class=\"wp-block-stackable-columns stk-block-columns stk-block stk-4367ad5\" data-block-id=\"4367ad5\"><div class=\"stk-row stk-inner-blocks stk-block-content stk-content-align stk-4367ad5-column\">\n<div class=\"wp-block-stackable-column stk-block-column stk-column stk-block stk-a148b61\" data-v=\"4\" data-block-id=\"a148b61\"><div class=\"stk-column-wrapper stk-block-column__content stk-container stk-a148b61-container stk-hover-parent\"><div class=\"stk-block-content stk-inner-blocks stk-a148b61-inner-blocks\">\n<div class=\"wp-block-stackable-text stk-block-text stk-block stk-b7f000e stk-block-background stk--has-background-overlay\" data-block-id=\"b7f000e\"><style>.stk-b7f000e {background-color:linear-gradient(-225deg, #473B7B 0%, #3584A7 51%, #30D2BE 100%) !important;}.stk-b7f000e:before{background-image:linear-gradient(-225deg, #473B7B 0%, #3584A7 51%, #30D2BE 100%) !important;}<\/style><p class=\"stk-block-text__text has-text-align-center\"><strong><span style=\"color: #ffffff;\" class=\"stk-highlight\">EDICI\u00d3N ENERO<\/span><\/strong><\/p><\/div>\n\n\n\n<div class=\"wp-block-stackable-image stk-block-image stk-block stk-0324a3a\" data-block-id=\"0324a3a\"><figure><span class=\"stk-img-wrapper stk-image--shape-stretch\"><img fetchpriority=\"high\" decoding=\"async\" class=\"stk-img wp-image-8742\" src=\"https:\/\/derechosinfronteras.pe\/wp-content\/uploads\/2025\/08\/480575964_614456581741424_7993185736152713124_n.jpg\" width=\"714\" height=\"1000\" srcset=\"https:\/\/derechosinfronteras.pe\/wp-content\/uploads\/2025\/08\/480575964_614456581741424_7993185736152713124_n.jpg 714w, https:\/\/derechosinfronteras.pe\/wp-content\/uploads\/2025\/08\/480575964_614456581741424_7993185736152713124_n-214x300.jpg 214w\" sizes=\"(max-width: 714px) 100vw, 714px\" \/><\/span><\/figure><\/div>\n\n\n\n<div class=\"wp-block-file\"><a id=\"wp-block-file--media-c1d74228-6e54-4ab2-bccb-30c757456dfd\" href=\"https:\/\/derechosinfronteras.pe\/wp-content\/uploads\/2025\/08\/Pulso-Regional-80-diciembre-2024-1.pdf\"><strong><span style=\"color: var(--theme-palette-color-3, #687279);\" class=\"stk-highlight\">Pulso Regional<\/span><\/strong> <\/a><a href=\"https:\/\/derechosinfronteras.pe\/wp-content\/uploads\/2025\/08\/Pulso-Regional-80-diciembre-2024-1.pdf\" class=\"wp-block-file__button wp-element-button\" download aria-describedby=\"wp-block-file--media-c1d74228-6e54-4ab2-bccb-30c757456dfd\">Descarga<\/a><\/div>\n<\/div><\/div><\/div>\n\n\n\n<div class=\"wp-block-stackable-column stk-block-column stk-column stk-block stk-d097c1f\" data-v=\"4\" data-block-id=\"d097c1f\"><div class=\"stk-column-wrapper stk-block-column__content stk-container stk-d097c1f-container stk-hover-parent\"><div class=\"stk-block-content stk-inner-blocks stk-d097c1f-inner-blocks\">\n<div class=\"wp-block-stackable-text stk-block-text stk-block stk-167b1dd stk-block-background stk--has-background-overlay\" data-block-id=\"167b1dd\"><style>.stk-167b1dd {background-color:linear-gradient(to top, #30cfd0 0%, #330867 100%) !important;}.stk-167b1dd:before{background-image:linear-gradient(to top, #30cfd0 0%, #330867 100%) !important;}<\/style><p class=\"stk-block-text__text has-text-align-center\"><strong><span style=\"color: #ffffff;\" class=\"stk-highlight\">EDICI\u00d3N MARZO<\/span><\/strong><\/p><\/div>\n\n\n\n<div class=\"wp-block-stackable-image stk-block-image stk-block stk-6b7a16c\" data-block-id=\"6b7a16c\"><figure><span class=\"stk-img-wrapper stk-image--shape-stretch\"><img decoding=\"async\" class=\"stk-img wp-image-8738\" src=\"https:\/\/derechosinfronteras.pe\/wp-content\/uploads\/2025\/08\/481919497_631234863396929_4310677284331551552_n.jpg\" width=\"714\" height=\"1000\" srcset=\"https:\/\/derechosinfronteras.pe\/wp-content\/uploads\/2025\/08\/481919497_631234863396929_4310677284331551552_n.jpg 714w, https:\/\/derechosinfronteras.pe\/wp-content\/uploads\/2025\/08\/481919497_631234863396929_4310677284331551552_n-214x300.jpg 214w\" sizes=\"(max-width: 714px) 100vw, 714px\" \/><\/span><\/figure><\/div>\n\n\n\n<div class=\"wp-block-file\"><a id=\"wp-block-file--media-e5c591b5-d5ee-4c8c-a923-738c93caa94c\" href=\"https:\/\/derechosinfronteras.pe\/wp-content\/uploads\/2025\/08\/Pulso-Regional-MARZO-2025-2.pdf\"><span style=\"color: var(--theme-palette-color-3, #687279);\" class=\"stk-highlight\"><strong>Pulso Regional <\/strong><\/span><\/a><a href=\"https:\/\/derechosinfronteras.pe\/wp-content\/uploads\/2025\/08\/Pulso-Regional-MARZO-2025-2.pdf\" class=\"wp-block-file__button wp-element-button\" download aria-describedby=\"wp-block-file--media-e5c591b5-d5ee-4c8c-a923-738c93caa94c\">Descarga<\/a><\/div>\n<\/div><\/div><\/div>\n\n\n\n<div class=\"wp-block-stackable-column stk-block-column stk-column stk-block stk-e19c1ce\" data-v=\"4\" data-block-id=\"e19c1ce\"><style>.stk-e19c1ce-container{min-height:0px !important;}<\/style><div class=\"stk-column-wrapper stk-block-column__content stk-container stk-e19c1ce-container stk-hover-parent\"><div class=\"stk-block-content stk-inner-blocks stk-e19c1ce-inner-blocks\">\n<div class=\"wp-block-stackable-text stk-block-text stk-block stk-70a0c44 stk-block-background stk--has-background-overlay\" data-block-id=\"70a0c44\"><style>.stk-70a0c44 {background-color:linear-gradient(to top, #30cfd0 0%, #330867 100%) !important;}.stk-70a0c44:before{background-image:linear-gradient(to top, #30cfd0 0%, #330867 100%) !important;}<\/style><p class=\"stk-block-text__text has-text-align-center\"><strong><span style=\"color: #ffffff;\" class=\"stk-highlight\">EDICI\u00d3N ABRIL<\/span><\/strong><\/p><\/div>\n\n\n\n<div class=\"wp-block-stackable-image stk-block-image stk-block stk-42dfd09\" data-block-id=\"42dfd09\"><figure><span class=\"stk-img-wrapper stk-image--shape-stretch\"><img decoding=\"async\" class=\"stk-img wp-image-8743\" src=\"https:\/\/derechosinfronteras.pe\/wp-content\/uploads\/2025\/08\/SSSSSSSSSSSSSSSSSS.jpg\" width=\"528\" height=\"744\" srcset=\"https:\/\/derechosinfronteras.pe\/wp-content\/uploads\/2025\/08\/SSSSSSSSSSSSSSSSSS.jpg 528w, https:\/\/derechosinfronteras.pe\/wp-content\/uploads\/2025\/08\/SSSSSSSSSSSSSSSSSS-213x300.jpg 213w\" sizes=\"(max-width: 528px) 100vw, 528px\" \/><\/span><\/figure><\/div>\n\n\n\n<div class=\"wp-block-file\"><a id=\"wp-block-file--media-e6846213-56ce-4dd4-ab23-c46f74103572\" href=\"https:\/\/derechosinfronteras.pe\/wp-content\/uploads\/2025\/08\/Pulso-Regional-82-1.pdf\"><span style=\"color: var(--theme-palette-color-3, #687279);\" class=\"stk-highlight\"><strong>Pulso Regional<\/strong><\/span><\/a><a href=\"https:\/\/derechosinfronteras.pe\/wp-content\/uploads\/2025\/08\/Pulso-Regional-82-1.pdf\" class=\"wp-block-file__button wp-element-button\" download aria-describedby=\"wp-block-file--media-e6846213-56ce-4dd4-ab23-c46f74103572\">Descarga<\/a><\/div>\n<\/div><\/div><\/div>\n<\/div><\/div>\n\n\n\n<p><\/p>","protected":false},"excerpt":{"rendered":"<p>Revista que analiza la coyuntura social y ambiental del sur andino, con voces y perspectivas desde las comunidades. EDICI\u00d3N ENERO EDICI\u00d3N MARZO EDICI\u00d3N ABRIL<\/p>","protected":false},"author":1,"featured_media":0,"parent":0,"menu_order":0,"comment_status":"closed","ping_status":"closed","template":"","meta":{"_monsterinsights_skip_tracking":false,"_monsterinsights_sitenote_active":false,"_monsterinsights_sitenote_note":"","_monsterinsights_sitenote_category":0,"footnotes":""},"class_list":["post-8651","page","type-page","status-publish","hentry"],"blocksy_meta":[],"jetpack_sharing_enabled":true,"jetpack_likes_enabled":true,"_links":{"self":[{"href":"https:\/\/derechosinfronteras.pe\/ingles\/wp-json\/wp\/v2\/pages\/8651","targetHints":{"allow":["GET"]}}],"collection":[{"href":"https:\/\/derechosinfronteras.pe\/ingles\/wp-json\/wp\/v2\/pages"}],"about":[{"href":"https:\/\/derechosinfronteras.pe\/ingles\/wp-json\/wp\/v2\/types\/page"}],"author":[{"embeddable":true,"href":"https:\/\/derechosinfronteras.pe\/ingles\/wp-json\/wp\/v2\/users\/1"}],"replies":[{"embeddable":true,"href":"https:\/\/derechosinfronteras.pe\/ingles\/wp-json\/wp\/v2\/comments?post=8651"}],"version-history":[{"count":8,"href":"https:\/\/derechosinfronteras.pe\/ingles\/wp-json\/wp\/v2\/pages\/8651\/revisions"}],"predecessor-version":[{"id":8757,"href":"https:\/\/derechosinfronteras.pe\/ingles\/wp-json\/wp\/v2\/pages\/8651\/revisions\/8757"}],"wp:attachment":[{"href":"https:\/\/derechosinfronteras.pe\/ingles\/wp-json\/wp\/v2\/media?parent=8651"}],"curies":[{"name":"wp","href":"https:\/\/api.w.org\/{rel}","templated":true}]}}

<p class="has-medium-font-size">Revista que analiza la coyuntura social y ambiental del sur andino, con voces y perspectivas desde las comunidades.</p>



<div class="wp-block-stackable-columns stk-block-columns stk-block stk-4367ad5" data-block-id="4367ad5"><div class="stk-row stk-inner-blocks stk-block-content stk-content-align stk-4367ad5-column">
<div class="wp-block-stackable-column stk-block-column stk-column stk-block stk-a148b61" data-v="4" data-block-id="a148b61"><div class="stk-column-wrapper stk-block-column__content stk-container stk-a148b61-container stk-hover-parent"><div class="stk-block-content stk-inner-blocks stk-a148b61-inner-blocks">
<div class="wp-block-stackable-text stk-block-text stk-block stk-b7f000e stk-block-background stk--has-background-overlay" data-block-id="b7f000e"><style>.stk-b7f000e {background-color:linear-gradient(-225deg, #473B7B 0%, #3584A7 51%, #30D2BE 100%) !important;}.stk-b7f000e:before{background-image:linear-gradient(-225deg, #473B7B 0%, #3584A7 51%, #30D2BE 100%) !important;}</style><p class="stk-block-text__text has-text-align-center"><strong><span style="color: #ffffff;" class="stk-highlight">EDICIÓN ENERO</span></strong></p></div>



<div class="wp-block-stackable-image stk-block-image stk-block stk-0324a3a" data-block-id="0324a3a"><figure><span class="stk-img-wrapper stk-image--shape-stretch"><img fetchpriority="high" decoding="async" class="stk-img wp-image-8742" src="https://derechosinfronteras.pe/wp-content/uploads/2025/08/480575964_614456581741424_7993185736152713124_n.jpg" width="714" height="1000" srcset="https://derechosinfronteras.pe/wp-content/uploads/2025/08/480575964_614456581741424_7993185736152713124_n.jpg 714w, https://derechosinfronteras.pe/wp-content/uploads/2025/08/480575964_614456581741424_7993185736152713124_n-214x300.jpg 214w" sizes="(max-width: 714px) 100vw, 714px" /></span></figure></div>



<div class="wp-block-file"><a id="wp-block-file--media-c1d74228-6e54-4ab2-bccb-30c757456dfd" href="https://derechosinfronteras.pe/wp-content/uploads/2025/08/Pulso-Regional-80-diciembre-2024-1.pdf"><strong><span style="color: var(--theme-palette-color-3, #687279);" class="stk-highlight">Pulso Regional</span></strong> </a><a href="https://derechosinfronteras.pe/wp-content/uploads/2025/08/Pulso-Regional-80-diciembre-2024-1.pdf" class="wp-block-file__button wp-element-button" download aria-describedby="wp-block-file--media-c1d74228-6e54-4ab2-bccb-30c757456dfd">Descarga</a></div>
</div></div></div>



<div class="wp-block-stackable-column stk-block-column stk-column stk-block stk-d097c1f" data-v="4" data-block-id="d097c1f"><div class="stk-column-wrapper stk-block-column__content stk-container stk-d097c1f-container stk-hover-parent"><div class="stk-block-content stk-inner-blocks stk-d097c1f-inner-blocks">
<div class="wp-block-stackable-text stk-block-text stk-block stk-167b1dd stk-block-background stk--has-background-overlay" data-block-id="167b1dd"><style>.stk-167b1dd {background-color:linear-gradient(to top, #30cfd0 0%, #330867 100%) !important;}.stk-167b1dd:before{background-image:linear-gradient(to top, #30cfd0 0%, #330867 100%) !important;}</style><p class="stk-block-text__text has-text-align-center"><strong><span style="color: #ffffff;" class="stk-highlight">EDICIÓN MARZO</span></strong></p></div>



<div class="wp-block-stackable-image stk-block-image stk-block stk-6b7a16c" data-block-id="6b7a16c"><figure><span class="stk-img-wrapper stk-image--shape-stretch"><img decoding="async" class="stk-img wp-image-8738" src="https://derechosinfronteras.pe/wp-content/uploads/2025/08/481919497_631234863396929_4310677284331551552_n.jpg" width="714" height="1000" srcset="https://derechosinfronteras.pe/wp-content/uploads/2025/08/481919497_631234863396929_4310677284331551552_n.jpg 714w, https://derechosinfronteras.pe/wp-content/uploads/2025/08/481919497_631234863396929_4310677284331551552_n-214x300.jpg 214w" sizes="(max-width: 714px) 100vw, 714px" /></span></figure></div>



<div class="wp-block-file"><a id="wp-block-file--media-e5c591b5-d5ee-4c8c-a923-738c93caa94c" href="https://derechosinfronteras.pe/wp-content/uploads/2025/08/Pulso-Regional-MARZO-2025-2.pdf"><span style="color: var(--theme-palette-color-3, #687279);" class="stk-highlight"><strong>Pulso Regional </strong></span></a><a href="https://derechosinfronteras.pe/wp-content/uploads/2025/08/Pulso-Regional-MARZO-2025-2.pdf" class="wp-block-file__button wp-element-button" download aria-describedby="wp-block-file--media-e5c591b5-d5ee-4c8c-a923-738c93caa94c">Descarga</a></div>
</div></div></div>



<div class="wp-block-stackable-column stk-block-column stk-column stk-block stk-e19c1ce" data-v="4" data-block-id="e19c1ce"><style>.stk-e19c1ce-container{min-height:0px !important;}</style><div class="stk-column-wrapper stk-block-column__content stk-container stk-e19c1ce-container stk-hover-parent"><div class="stk-block-content stk-inner-blocks stk-e19c1ce-inner-blocks">
<div class="wp-block-stackable-text stk-block-text stk-block stk-70a0c44 stk-block-background stk--has-background-overlay" data-block-id="70a0c44"><style>.stk-70a0c44 {background-color:linear-gradient(to top, #30cfd0 0%, #330867 100%) !important;}.stk-70a0c44:before{background-image:linear-gradient(to top, #30cfd0 0%, #330867 100%) !important;}</style><p class="stk-block-text__text has-text-align-center"><strong><span style="color: #ffffff;" class="stk-highlight">EDICIÓN ABRIL</span></strong></p></div>



<div class="wp-block-stackable-image stk-block-image stk-block stk-42dfd09" data-block-id="42dfd09"><figure><span class="stk-img-wrapper stk-image--shape-stretch"><img decoding="async" class="stk-img wp-image-8743" src="https://derechosinfronteras.pe/wp-content/uploads/2025/08/SSSSSSSSSSSSSSSSSS.jpg" width="528" height="744" srcset="https://derechosinfronteras.pe/wp-content/uploads/2025/08/SSSSSSSSSSSSSSSSSS.jpg 528w, https://derechosinfronteras.pe/wp-content/uploads/2025/08/SSSSSSSSSSSSSSSSSS-213x300.jpg 213w" sizes="(max-width: 528px) 100vw, 528px" /></span></figure></div>



<div class="wp-block-file"><a id="wp-block-file--media-e6846213-56ce-4dd4-ab23-c46f74103572" href="https://derechosinfronteras.pe/wp-content/uploads/2025/08/Pulso-Regional-82-1.pdf"><span style="color: var(--theme-palette-color-3, #687279);" class="stk-highlight"><strong>Pulso Regional</strong></span></a><a href="https://derechosinfronteras.pe/wp-content/uploads/2025/08/Pulso-Regional-82-1.pdf" class="wp-block-file__button wp-element-button" download aria-describedby="wp-block-file--media-e6846213-56ce-4dd4-ab23-c46f74103572">Descarga</a></div>
</div></div></div>
</div></div>



<p></p>

<p>Revista que analiza la coyuntura social y ambiental del sur andino, con voces y perspectivas desde las comunidades. EDICIÓN ENERO EDICIÓN MARZO EDICIÓN ABRIL</p>
